- 43. Let p be a(21). Suppose 0*w - p = -2*z + 2*w, 5*z - w = 34. Calculate the remainder when z is divided by (-10)/4*(-12)/15.
0
Let b = -4080 - -7890. Calculate the remainder when 1/(-4) - b/(-40) is divided by 24.
23
Let w be (-2)/(-13) - 15/13. Let n(o) = -88*o**2 + 1. Let t be n(w). Let i = -62 - t. What is the remainder when 72 is divided by i?
22
Let a(g) = g**3 + 9*g**2 + g - 10. What is the remainder when 366 is divided by a(-6)?
90
What is the remainder when (-7)/(-2)*(9 + 18 + -7) is divided by 12?
10
Let d = 569 + -288. Calculate the remainder when d is divided by 139.
3
Let a = 20 + -13. Suppose a*z - 6*z = 16. What is the remainder when z is divided by (-65)/(-10) + (-1)/2?
4
What is the remainder when 635 is divided by (-20)/50*1325/(-10)?
52
Suppose -975 = -61*a - 4*a. Suppose 1 = u, 0*u + 95 = 2*j + 3*u. What is the remainder when j is divided by a?
1
Let k(w) = -w**2 + w. Let m be k(4). Let c(s) = s + 15. Let b be c(m). Suppose 76 + 47 = b*h. Calculate the remainder when h is divided by 15.
11
Let l = 199 - 190. Let b = 11 - 7. What is the remainder when b/6 - (-98)/6 is divided by l?
8
Let d = -11 - -19. Suppose -4*s - 8 = -d*s. Suppose -s*y = 2*y - 76. What is the remainder when y is divided by 5?
4
Let c be ((-20)/(-15))/(4/(-24)). Let m(h) = -h**2 - 11*h. What is the remainder when m(c) is divided by 9?
6
Let j(k) = 2*k**2 - 2*k. Let p = 26 - 28. Let u be -4 - (2 - (2 - p)). Calculate the remainder when 45 is divided by j(u).
9
Let z = 8 - 4. Let s(n) = 2*n - 4. Let k be s(z). Calculate the remainder when 21 is divided by 12/k - 16/(-2).
10
Suppose -h = -6 + 2. Suppose -2*o + h*r = -54, 0*o + 2*r - 98 = -4*o. Suppose -o = -3*w + 20. Calculate the remainder when 44 is divided by w.
14
Calculate the remainder when 210 is divided by ((-2)/(-2))/((368/(-144))/(-23)).
3
Let p = -27 - -3. Calculate the remainder when 69 is divided by -6*3*p/18.
21
Let j = -10 + 35. Let h(z) = z**3 - 14*z**2 + z. Let d be ((-12)/36)/((-2)/84). What is the remainder when j is divided by h(d)?
11
Suppose -3*g + 0*l + 214 = -5*l, -l = 2*g - 147. Calculate the remainder when g is divided by 15.
13
Let m = -15 - -18. Let h(q) = q**3 + q**2 + 6*q + 1. Calculate the remainder when h(m) is divided by 1/(-4) - (-171)/12.
13
What is the remainder when (-7006)/(-93) + ((-8)/(-3) - 2) is divided by 11?
10
Let z(u) be the third derivative of u**6/120 - 7*u**5/60 + u**4/4 + 13*u**3/6 - 11*u**2. Calculate the remainder when z(7) is divided by 7.
6
Let p = 518 - 483. Calculate the remainder when 88 is divided by p.
18
Suppose -13*k + 397 = -370. What is the remainder when k is divided by 30?
29
Suppose 9*x = 3*d + 14*x - 361, -4*d = -2*x - 438. What is the remainder when 334 is divided by d?
110
Suppose 4*z - 44 = 2*z. Let a(c) = c + 60. Calculate the remainder when a(46) is divided by z.
18
Let b = 869 + -854. What is the remainder when 479 is divided by b?
14
Suppose 4*z = -5*y - 192, -z = -y - 35 + 2. Let w = y + 61. Calculate the remainder when 73 is divided by w.
23
Let z = 114 + 106. Calculate the remainder when z is divided by 37.
35
Let a(m) = 21*m. Let r be a(-1). Let l = r + 18. What is the remainder when 65 is divided by l - 1/((-1)/20)?
14
Suppose -7*d - 162 = -16*d. Calculate the remainder when -3 + d/(-42) + (-990)/(-7) is divided by (-138)/(-4) - 2/(-4).
33
Let q(s) = 5*s - 4*s + 3*s**2 - 5*s + 3*s + 1. Let h be q(5). Suppose r + r - 37 = -p, 3*p - 4*r - h = 0. What is the remainder when p is divided by 10?
9
Let w be ((-8)/(-16))/(1/(-12)). What is the remainder when 1 + (228/(-16))/(w/16) is divided by 5?
4
Suppose -8*y + 585 = -167. Suppose 3*p = p + y. What is the remainder when 138 is divided by p?
44
Suppose -27 = -3*c - 13*m + 11*m, 4*c - 43 = -5*m. What is the remainder when 9 is divided by c?
2
Let a = 15 - -20. Let n = 50 - a. What is the remainder when 5 is divided by (-40)/(-25) - (-6)/n?
1
Let o = 14 + 62. Let r = -62 + o. What is the remainder when 52 is divided by r?
10
Suppose -2*x + 28 = 2*x. Let k = -781 + 786. What is the remainder when x is divided by k?
2
Let p be 1*(-2 + -1 - 2). Calculate the remainder when (-4 - p)/((-1)/(-46)) is divided by ((-12)/(-10))/((-2)/(-20)).
10
Let m be (-3 - -2) + -8 + -7. Let h = -16 - m. Let j(v) = -v**3 - v**2 + 19. Calculate the remainder when 75 is divided by j(h).
18
Let p(f) = -29*f**3 - 2*f**2 + 1. Suppose -7*j + 2*j - 5 = 0. Calculate the remainder when p(j) is divided by 15.
13
Let c(h) be the second derivative of 71*h**3/3 - 5*h**2/2 - 45*h. What is the remainder when c(1) is divided by 35?
32
Let z = -24 + 326. Calculate the remainder when z is divided by 9.
5
Let t be ((-6)/3)/(0 - 1). Suppose -n + t = -3. What is the remainder when n is divided by 4?
1
Let v = 10 + -5. Let k = -3892 + 3900. What is the remainder when k is divided by v?
3
Let q = 2 + -5. Let h be (-18)/12*10/q. Suppose -2*k + h + 15 = 0. What is the remainder when 18 is divided by k?
8
What is the remainder when (-40)/(-20)*(2 + 394/4) is divided by 68?
65
Let d = 437 - 284. Calculate the remainder when d is divided by 26.
23
Let w(s) = 95*s**2 + 2*s**3 - 7 - 5*s**3 + 2*s**3 - 16*s - 111*s**2. What is the remainder when 13 is divided by w(-15)?
5
Let a = -37 - -38. Suppose -5*v = 4*k - 272, -2*v + a = k - 106. What is the remainder when v is divided by 7?
3
Let x = 46 - 37. What is the remainder when 26 is divided by x?
8
What is the remainder when ((-678)/9)/((-58)/87) is divided by 17?
11
Let p = 53 - 81. Let n = p - -36. Calculate the remainder when 39 is divided by n.
7
What is the remainder when 100 is divided by -1 + 8 - (-1 - -3) - -24?
13
Let m(p) = p**3 - 4*p**2 + 2*p + 5. Suppose 2*g - 4 = g. Let y be m(g). Suppose -9*f + y*f - 40 = 0. What is the remainder when 37 is divided by f?
7
Suppose 4*p - 5*p - 16 = 0. Let s = p - 0. Let d = 30 + s. Calculate the remainder when d is divided by 4.
2
Let b(j) = j**3 - 5*j**2 - 5*j + 18. Suppose 5*s + 62 = 292. Calculate the remainder when s is divided by b(6).
22
Let l(x) = -2*x**3 + 7 + x**3 - 3*x - 13 + 6*x**2. Let o be l(5). What is the remainder when 27 is divided by o/8 - 38/(-4)?
7
Suppose -4*b = 2*j - 173 + 13, -4*j = b - 33. What is the remainder when 614 is divided by b?
40
Let c = 2 + 3. Suppose 0 = 3*p - 4*h - 172, c*p = -0*p - 5*h + 275. Suppose -4*x + 25 + 35 = 0. What is the remainder when p is divided by x?
11
Suppose 2*o + 771 = 7*o + 4*x, -x + 306 = 2*o. What is the remainder when o is divided by 69?
13
Suppose 15*f - 108 = 3*f. Let s = -4 + 9. What is the remainder when f is divided by s?
4
Let p(z) = 6*z**2 + 4*z - 1. Let h be p(-2). Suppose h = l + 6. Calculate the remainder when 24 is divided by l.
6
Suppose 9*f = 5*v + 10*f - 134, 5*f = -v + 46. What is the remainder when 102 is divided by v?
24
Let q = 13 - 7. Suppose -q*d + 368 = -208. What is the remainder when d is divided by 20?
16
Let o(f) = -5 - 4*f + 4 + 4*f + 3*f**2. What is the remainder when 65 is divided by o(2)?
10
What is the remainder when 152/32*-4*-1 is divided by 15?
4
Let r = 55 - 22. Let b = -15 + r. Let m = 93 - 59. Calculate the remainder when m is divided by b.
16
Let f be (8 - (-1 + 1)) + -2. Let n(t) = f + 6 + 1 - t + 4. What is the remainder when 18 is divided by n(7)?
8
Let q be -1 + (-1 - -1) - -20. Suppose -d = -5*u + 10 + q, -5*u = 3*d - 13. What is the remainder when 17 is divided by 44/5 - (-1)/u?
8
Let d(g) = 4*g**2 + 1. Let s be (-22)/33 - 38/(-3). Suppose -12*f + 15*f - s = 0. Calculate the remainder when d(-1) is divided by f.
1
Let g(n) = -n**2 + 7*n + 23. Calculate the remainder when 24 is divided by g(9).
4
Let g be 9/6*(-28)/(-6). Let y(j) = 4*j - 7*j**2 + 2*j**2 - 2 - 2*j**2 + j**3 - g. What is the remainder when 55 is divided by y(7)?
17
Let g = -10 - -15. Suppose 4*l + g - 61 = 0. What is the remainder when 41 is divided by l?
13
Suppose t = -p + 40, -3*p - 4*t + 119 = -6. Calculate the remainder when 338/5 - ((-9)/(-15))/1 is divided by p.
32
Suppose m - 5 = z - 0*z, 0 = -2*z. Suppose m*j = j + a + 87, -2*a = -3*j + 69. Calculate the remainder when j is divided by 11.
10
Suppose 4*j + 4*c = 32, 2*j - 3 = 5*c - 1. What is the remainder when 682/12 + 1/j is divided by 20?
17
Suppose 0 = -35*o + 38*o - 30. Suppose -c + 110 = 3*c + z, -2*c + 2*z = 